 + 50 - (-1 + -3 + 1).
4
Calculate 0 + -1 + 3 + -7.
-5
What is the value of 4 + 2 - ((-3 - -6) + 3)?
0
What is the value of 2 + (-6 - -1) + -25 + 27?
-1
What is -6 + (-8 - (-6 + 7 - 6))?
-9
Evaluate 9 - 6 - (-2 - -1) - 8.
-4
Evaluate 1 + 0 - -1 - (107 - 106).
1
1 + (2 - (-1 + 2))
2
3 - (2 - (-5 - (3 - 5)))
-2
Calculate 3 + 1 + 0 - (-1 + 3).
2
3 - (-9 - -3) - 8
1
Calculate -1 - (3 + (-11 - (-3 + 1))).
5
Calculate -7 - (7 + -4 + 1 - 6).
-5
Calculate 1 + 18 + -10 - 9.
0
What is 1 - (6 - (1 + 2))?
-2
What is 12 + (-20 - (-2 + 4))?
-10
Calculate 3 - (5 + (2 - 3)).
-1
Calculate -9 + 8 + (-1 - 1).
-3
What is the value of 11 + -19 - (-2 - 4)?
-2
-4 + (-1 - (4 - 7))
-2
What is the value of 2 + (3 - 9 - 7 - -5)?
-6
(0 - -1 - -2) + (-10 - -4)
-3
What is the value of (2 - -5 - 11) + (-1 - 0)?
-5
1 - 8 - (-10 + 5)
-2
27 - 24 - (0 - -2)
1
Calculate -4 + 10 + -2 - 9.
-5
Evaluate -1 + (-8 - (1 + 8 - 8)).
-10
What is the value of -3 + (6 - (-3 - (-12 - -7)))?
1
What is the value of -43 - -35 - (-10 + -2)?
4
What is the value of 5 - (5 - (2 + 1))?
3
What is -6 + -6 + 5 + 3?
-4
What is -6 + (-13 - -22) - (-1 + -3)?
7
Calculate (-2 - (7 - 4)) + 3.
-2
Evaluate (5 - 4) + (-12 - -6).
-5
Calculate 109 + -99 - (1 + 0).
9
Calculate -11 - ((20 - 22) + (-2 - 1)).
-6
Evaluate 1 - (-2 - (-2 + 1 + -1)).
1
(-4 - -2) + 2 + -4
-4
Evaluate 4 - (-7 + 18 - 1).
-6
-1 + 1 + (1 + 2 - 3)
0
What is 0 + (2 - (4 + (4 - 7)))?
1
Calculate (-15 - -1) + 7 + 4.
-3
23 + -25 - (5 - 0)
-7
What is the value of 12 - (0 - -2 - -1)?
9
2 + -2 - (-10 - -14)
-4
-3 - (3 - (5 + 1) - 3)
3
What is the value of -5 + (-3 + 4 - -4)?
0
What is -6 + (18 + -5 - 5)?
2
What is -3 + 2 + (-4 - (-2 + -4))?
1
Calculate -11 + 10 + 5 + -6.
-2
Evaluate (-7 - -5 - -11) + -6.
3
Calculate -4 - ((17 - 3) + -5 - 6).
-7
What is 13 - (3 - (7 - 11))?
6
0 + 10 + (25 - 32)
3
2 - (2 + (0 - 2)) - -3
5
What is -9 - (12 + -13 + -2)?
-6
Evaluate -8 + -5 + 1 + 7.
-5
What is 2 + -2 + (-19 - -14)?
-5
Evaluate 7 - (2 + -1 + 2) - -3.
7
(-7 - (1 - 4)) + (2 - -2)
0
What is 6 + (0 - 11 - -1)?
-4
What is -2 - -2 - (-6 - -7)?
-1
What is the value of 7 + (-6 - -3) + -4?
0
-3 + 1 + 2 + -2
-2
Calculate 3 + -1 + (-56 - -52).
-2
Evaluate (0 - 2) + -3 - -3.
-2
(-1 - (-1 + 1)) + -3 + 0
-4
What is the value of (1 - 0) + -6 - (-2 + 6)?
-9
What is -1 - -1 - (-38 - -36) - 7?
-5
What is (-2 - 3) + 2 + 0 + 2?
-1
Evaluate -1 + (4 - (2 + -6)).
7
What is the value of 3 + -2 + 3 + (-3 - -1)?
2
Evaluate -4 + 12 + (12 - 17).
3
4 + -4 - -8 - 9
-1
Calculate 8 + 1 + -12 - (1 - -2).
-6
Calculate 6 - ((0 - -7) + -7 + 2).
4
Calculate -4 + (-4 + 4 - -6) - 0.
2
What is -12 - (0 - 1 - 6)?
-5
Evaluate 8 + (-7 - (-4 + 2)) + -6.
-3
Evaluate 39 + -45 + (-3 - -8).
-1
What is (14 - (3 + 15)) + (0 - 2)?
-6
-35 - -38 - (3 - 1)
1
What is (4 - 3) + 3 + -3?
1
Calculate (2 - 0) + 2 + -5.
-1
Calculate -4 + -5 + 14 + -5.
0
Evaluate -2 + (3 - 9) + 7.
-1
What is the value of -3 + 1 + 6 - 0?
4
7 + (2 - 1) + -10
-2
What is the value of (2 - -1) + -7 + 8?
4
What is 7 - (9 - 5) - 1 - -4?
6
Evaluate -2 - (3 - 4) - 3.
-4
0 + (1 - -12) + -15
-2
Calculate (3 - 7) + 0 - -7.
3
Calculate (-10 - -2) + (9 - 3).
-2
Evaluate 11 - (1 + -8 + 7 + 5).
6
What is (-7 - -3 - 3) + 7?
0
What is the value of 8 - (24 + -4 + -7)?
-5
Calculate 2 - (8 - (4 - (3 - 2))).
-3
What is (3 - 0) + -4 - (-1 - 0)?
0
1 - (2 - (10 - 3) - -3)
3
Evaluate -1 + (7 - 1 - (-4 - -3)).
6
Evaluate 17 - 21 - (2 + 1) - -15.
8
Evaluate 17 - 20 - (1 - 8).
4
Calculate 0 + 10 - (6 - 4).
8
Calculate -11 + 5 - (1 - 7).
0
Calculate 14 + -11 + 4 + -3.
4
Calculate -3 + (2 - -4) + 0.
3
Calculate -1 - (-6 - -8) - 2 - -2.
-3
What is -1 - (-5 - -1 - (-8 + 6))?
1
Calculate -16 - -13 - (-1 + 0) - -3.
1
-6 + 1 + 0 - -4
-1
Evaluate 0 - (2 - 3) - (-16 + 17).
0
What is (6 - 5 - 2) + (5 - 0)?
4
Calculate -1 + 0 - -3 - (2 + 3).
-3
What is 9 + (11 - 27) + (-3 - -3)?
-7
1 + (-1 - (-4 - (-1 - 0)))
3
What is (2 - -3) + -3 + 0?
2
2 + (4 - 9) + 0 + -1
-4
Evaluate 3 + -2 - -3 - (4 + -1).
1
Calculate (-3 - -1) + -14 + 11 + -1.
-6
What is the value of -3 + 0 + 11 - (3 - -1)?
4
Evaluate (4 + -3 - 3) + -2.
-4
What is the value of (-15 - -1) + 5 + 5?
-4
What is the value of -3 - (-7 + 0) - 5?
-1
What is 21 + -22 - (-3 + 0)?
2
What is -7 + (-3 - (-1 - 3))?
-6
Evaluate 1 + 2 + (-3 + -6 - -2).
-4
What is -19 + 24 - (1 - -6)?
-2
13 - (21 + -10 - 1)
3
-17 + 20 + -6 + 2
-1
Calculate -4 + ((-1 - 3) + 10 - 6).
-4
What is (-5 - 0) + 8 + -3?
0
What is -1 + 0 + 1 + -4?
-4
Calculate 3 + (7 - (9 - (6 + -3))).
4
(2 + 1 - 0) + 53 + -47
9
What is the value of 23 + -20 + -1 + 1?
3
What is (5 - 3) + (14 - 7)?
9
Calculate 2 + (-4 + 2 - -3).
3
What is the value of 10 + -3 + -2 - 2?
3
What is (50 - 57) + (1 - -12) + 1?
7
Calculate -4 + 6 - (-1 - -2).
1
What is (-1 - 0) + 0 + 5?
4
What is the value of -12 + 12 + 3 + 3?
6
What is the value of 1 + 3 - (2 + 2)?
0
Evaluate -3 - (-8 + (7 - (-4 - -8))).
2
Calculate (-1 - -3) + (0 - -5).
7
What is the value of -48 - -46 - (2 - (2 + -4))?
-6
4 + -6 - ((5 - 6) + 1)
-2
What is 2 - (-43 - -35 - (-16 - 0))?
-6
What is the value of -1 - (-1 + (4 - 7) + 2)?
1
Evaluate -7 + 12 + -6 + 0.
-1
What is -1 - -2 - (8 - 2)?
-5
What is (-201 - -213) + -1 + -10?
1
Evaluate (43 - 47) + (5 - (-1 - -1)).
1
What is 5 + (-3 - -6) + 4 + -6?
6
Calculate (1 - (0 + 4)) + (10 - 10).
-3
What is 10 + -4 + 2 + -6?
2
What is -3 + -4 - 0 - (2 + -6)?
-3
What is (7 - (2 + 2)) + (0 - 2)?
1
What is the value of 0 - 4 - (28 - 35)?
3
Evaluate 3 - ((4 - 7) + 7 - 4).
3
Calculate (-2 - (-3 + 5 - -1)) + 1.
-4
Calculate 4 + -3 + (-5 - -2) + -4.
-6
What is the value of -1 - 2 - (-2 + (-6 - -6))?
-1
What is the value of -9 - (-4 - 12) - 0?
7
What is -12 + (11 - 9 - -2)?
-8
What is 1 + -1 + 1 - (-26 - -25)?
2
12 + -17 + 12 + -1
6
What is (6 + 0 - 7) + 4?
3
(-14 - -8) + -2 + 11
3
What is the value of (12 - 19) + 13 - (15 - 0)?
-9
Evaluate 3 - (-18 + 9 + 7).
5
What is the value of -15 + (-2 - -15) + -5 + -1?
-8
Evaluate 8 + (0 - 0) + -2 + -2.
4
What is (-8 + 5 - (2 + -2)) + -1?
-4
Calculate (4 - 6) + (4 - 0) - 0.
2
What is (-1 - -10) + -103 + 103?
9
What is the value of 3 - (0 + 6 + -4 + 2)?
-1
What is -3 - (-1 - (-4 + 5))?
-1
Evaluate -18 + -2 + 11 - -17.
8
What is (-3 - (-1 + 1)) + 8 + -6?
-1
What is the value of (-1 - (-2 + -3 + 8)) + -1?
-5
What is the value of -14 + 18 + -11 + 4 + 0?
-3
-5 + (-8 - (0 + (-8 - 13)))
8
-5 - (-1 - 1 - 6)
3
Evaluate -14 - -6 - (-6 + 3) - -10.
5
What is the value of -68 + 60 + (11 - 1)?
2
What is 2 - (-1 + 5 - -3)?
-5
What is the value of -4 + (-1 - 0) + 3 + -3?
-5
What is -1 - (6 - -1 - 2)?
-6
What is -82 - -78 - (-1 - (5 + -1))?
1
Calculate (3 - 0) + -2 - 7.
-6
-6 + 9 + -3 - -5
5
What is the value of -1 + -4 + 3 + (7 - 7)?
-2
2 - (4 + 5 + -1)
-6
Calculate -2 + -3 + 6 + -3.
-2
What is the value of (-36 - -30) + (0 - 3)?
-9
What is (11 + -10 - -4) + (-3 - 2)?
0
What is the value of 2 + -4 + -1 + -4 - -9?
2
Calculate -2 + -2 + 3 - (3 + 0).
-4
Calculate -2 - (1 + 1) - 0.
-4
What is the value of (-6 - -4) + -1 + 8?
5
Calculate (1 - 7) + (-47 - -50).
-3
What is the value of 3 + -2 + (-7 - -5 - -3)?
2
Evaluate -5 + 1 - (-2 - 0).
-2
7 + (-5 - (-1 - (1 - -1)))
5
What is the value of 4 + (2 - 3) + 13 + -23?
-7
(1 - 2) + 1 + (34 - 29)
5
Evaluate 5 - 2 - 2 - (-8 + 7).
2
Calculate -4 + -4 + -1 + 6.
-3
Evaluate 1 + (-2 - 4 - -2) + -3.
-6
What is 6 + (-8 - 4 - -10)?
4
What is the value of -4 - (3 + 0 - (-5 + 8))?
-4
What is the value of -13 + (-3 - 3) + 12?
-7
-1 - 3 - -6 - -4
6
What is (-7 - -3) + 4 - -4?
4
Evaluate -1 + -1 + 5 + 4 + -2.
5
Calculate -10 + 4 + 4 - -7.
5
What is (-189 - -182) + (1 - -2)?
-4
Calculate 2 + -10 + 1 + 2 + 0.
-5
4 - (14 + (-2 - 2) + -4)
-2
What is 1 + 1 - (93 - 91)?
0
Evaluate 5 - (4 + (4 - 7) - -10).
-6
What is the value of -7 + -2 + -1 - -4?
-6
-14 + (4 - (-2 - 5))
-3
What is -2 - (-2 + -6 + 3)?
3
12 + (-7 - (-3 + 3))
5
Calculate 6 + -12 + 17 + -5.
6
Evaluate -20 + 25 - (-1 - -1) - 2.
3
Calculate -4 + (5 - -2) + -6 + -4.
-7
What is (-8 - -1) + 2 + 4?
-1
Evaluate 2 + -2 + (-4 - -6).
2
5 - (19 + -19 + 1 + 5)
-1
What is the value of (-5 - -2) + -7 + 5?
-5
-10 + 2 - (-29 + 15)
6
What is the value of 2 + -4 - (2 + -7 + 3)?
0
0 + -1 + (3 - 2 - 0)
0
What is -14 - (-15 + 0 + 5)?
-4
What is the value of -3 + (-1 - 2) - -3 - 1?
-4
(-1 - (0 - 9)) + 20 + 